Let a be (276/(-161))/(4/(-14)). Suppose 11*i - a = 10*i. What is the units digit of i?
6
Let o(s) = 4*s**3 + 3*s**2 - 10*s - 19. What is the tens digit of o(5)?
0
Let s be (-2)/4*0/(-12). Suppose 5*y + 1 + 14 = s, 5*q = 4*y + 152. What is the tens digit of q?
2
Suppose 7*w = 17*w - 100. What is the hundreds digit of ((-224)/w)/(33/(-15) + 2)?
1
Suppose 137 - 19 = c. Suppose -i - c = -2*i. What is the units digit of i?
8
Let v = 1 - -13. Let k = 8 - 5. Suppose -k*a + 34 = -v. What is the tens digit of a?
1
Let d(b) = 59*b**2 + 23*b - 130. What is the thousands digit of d(5)?
1
Suppose 9 - 21 = -3*c. Suppose 3*z = c*f + 207, 2*z - 2*f - 133 = -f. What is the units digit of z?
5
Let z(r) = -5*r**3 - 12*r**2 - 7*r + 13. Let s(l) = -l**3 + l**2 + l. Let y(v) = 4*s(v) - z(v). What is the units digit of y(-15)?
7
Let h be (-8)/24 - (-375)/(-9). Let n = h - 0. Let p = n - -67. What is the tens digit of p?
2
Suppose 0 = -8*z + 4*z + 528. What is the tens digit of z?
3
Let l be (-1)/3 + 268/12. Suppose -l - 42 = -4*c. Suppose -2*p = -4*p + c. What is the units digit of p?
8
Suppose -12*y + 14*y = 296. What is the units digit of y?
8
What is the units digit of -15*7/(-35) + 505?
8
Let d be -3 + 2 + 0 - 3. What is the tens digit of 11 + (0 - (-4 - d))?
1
Let x(c) = 59*c - 53. Let i(q) = -15*q + 13. Let h(b) = -9*i(b) - 2*x(b). Let o be h(7). Let d = -42 + o. What is the tens digit of d?
6
Let m be (2 + -1)/((-2)/2). Let w be ((-14)/7)/(3 + m). What is the tens digit of 18 - ((2 - 1) + w)?
1
Let j = -29 - -20. Let f(n) = 3*n**2 + 3*n + 12. Let d(b) = -7*b**2 - 5*b - 25. Let o(l) = j*f(l) - 4*d(l). What is the tens digit of o(-6)?
7
Suppose l - h - 949 = 0, 3*l + 3*h - 1086 - 1779 = 0. Suppose -7*m + l = m. What is the tens digit of m?
1
Let c(t) = 75*t**2 - 13*t - 3. What is the units digit of c(7)?
1
Let a = 4 - -3. Suppose -2 = -z + 2. Suppose -a*t + 93 = -z*t. What is the units digit of t?
1
Let a = -3 - -4. Let z be 3*(a + 0) - -2. Suppose -z*h = -167 - 73. What is the tens digit of h?
4
Suppose 6*n - 16 = 8*n. Let g = n - -12. Suppose -g*o - 13 = h, -5*h + 3*o = 6*o - 3. What is the units digit of h?
3
Let h be 4 + -5 + 3 + 23. Let j = 70 - h. What is the tens digit of j?
4
Suppose -19*m + 24400 = 4*a - 18*m, 0 = 3*a - 3*m - 18300. What is the hundreds digit of a?
1
Let m be 9/(-6)*2 + 6. What is the tens digit of (24 - 1) + (m - 0)?
2
Let j = -84 - -241. What is the tens digit of j?
5
Suppose 5*v = -43 + 13. Let m(a) = a**3 + 6*a**2 - a + 2. Let q be m(v). Let c(n) = n**3 - 7*n**2 - 3*n - 1. What is the tens digit of c(q)?
3
Let v(c) = c**3 + 7*c**2 + 7*c + 4. Let p be v(-6). Let z(r) = 0 - 3 - 17*r + 2 + 4. What is the tens digit of z(p)?
3
Let g = 49 - 47. Suppose 0 = -4*x + 20, -417 = -5*h - 2*x - g. What is the tens digit of h?
8
Suppose -5*y = -2*y - 12, 3154 = 3*k + y. Let n(m) = -m**2 - 8*m - 24. Let c be n(-10). What is the units digit of k/33 + (-8)/c?
2
Let h(l) be the third derivative of l**4/24 - 5*l**3/6 + 6*l**2. Let i be h(7). Suppose 4*r - 10 = -i. What is the units digit of r?
2
Let g(j) = 6*j**2 - 3*j - 3*j**2 - 28 + 5*j**3 - j - 2*j**2. Let w(p) = -9*p**3 - 2*p**2 + 7*p + 55. Let d(n) = 7*g(n) + 4*w(n). What is the tens digit of d(0)?
2
Suppose -39*d - 865 = -a - 41*d, -5*d + 877 = a. What is the hundreds digit of a?
8
Let v(w) = -w**3 + 28*w**2 + 6*w + 9. What is the hundreds digit of v(28)?
1
Let x(k) = -775*k - 420. What is the units digit of x(-6)?
0
Suppose -2*n + 7*n + 2*t + 826 = 0, -2*n - 325 = -t. Let s = -74 - n. What is the units digit of s?
0
Suppose 37*x = 4*x + 55143. What is the units digit of x?
1
Suppose n = -r + 56 + 89, -3*n + 2*r + 430 = 0. Suppose -54 - n = -6*q. What is the tens digit of q?
3
Suppose 4*l = 2*v - 26, 4*v + l - 25 = -0*l. What is the tens digit of (v/(-4))/((-7)/(-952)*-2)?
1
Let u = -2 + 14. Suppose u = 5*r - 13. Suppose -a - j + 34 = 0, 2*a + 122 = r*a - j. What is the tens digit of a?
3
Let v = 42 + -20. Let z = 36 - v. What is the tens digit of z?
1
Let l(m) = -16*m - 22. Suppose 0 = -3*g - 2*g - 60. What is the tens digit of l(g)?
7
Let a(z) = -34*z + 11. Let j = 1 - 6. What is the tens digit of a(j)?
8
Let h(j) = 7*j + 3 + 6*j - 10*j**2 + 3*j - 5*j**3 + 4*j**3. Let m be h(-11). Let p = m + 76. What is the tens digit of p?
2
Suppose 3 = -3*g + 5*z, -z = -4*g + 9 + 4. Suppose -231 = -g*u - 75. What is the tens digit of u?
3
Let z = -24 - -29. Let u(r) = -3*r + 1 - z + 23. What is the units digit of u(-15)?
4
Let i = -14 - -76. Suppose -5*m = -6*m + 4. Suppose -5*f + 0*f = m*p - 62, 3*p - 4*f = i. What is the tens digit of p?
1
Let a(o) = o**2 + 7*o - 19. Let p be a(9). Suppose 2*z = 3*b + 69, 7*z + 2*b - p = 2*z. Suppose -z = 2*y - 5*y. What is the units digit of y?
9
Let t(h) = h**3 + 3*h**2 - 6*h - 5. Let l be t(-4). Suppose -l*r + 36 = r. Suppose -2*z = -57 - r. What is the units digit of z?
3
Let i(w) = 7*w**3 + 3*w**2 - 7*w - 12. What is the units digit of i(6)?
6
Let d = -18 - -24. Suppose i - 315 = -5*h, -252 = -d*h + 2*h - i. What is the tens digit of h?
6
Suppose 0 = v + 2*v + 135. Let r be ((-15)/v)/(1/(-6)). What is the units digit of r/(-15) + (-440)/(-75)?
6
Let k(g) = g + 13. Let u be k(9). Let r(y) = y**3 - 23*y**2 + 23*y + 18. What is the tens digit of r(u)?
4
Let r(w) = -w**2 - 6*w - 2. Let m be r(-5). Suppose m*j - 3*i = 2*j + 42, 5*j = i + 210. Let q = -20 + j. What is the units digit of q?
2
Let g be 4/(-6)*(-6)/4. Let o be (-2 - -5) + g + 14. What is the tens digit of (-91)/(-6) - 3/o?
1
Let m = 54 + -50. Suppose -3*c = -5*q - 199, -64 = -c - 0*c + m*q. What is the units digit of c?
8
Let k = -2318 + 4272. What is the hundreds digit of k?
9
Suppose -3*k - 2 = -17. Suppose -238 = k*r - 883. Suppose 4*u - 43 = r. What is the tens digit of u?
4
Let l be (3/(-6))/((-7)/28). Let n be 3*((-28)/(-12) + 0). Suppose -5*t - l = -n*t. What is the units digit of t?
1
What is the tens digit of 3626/(-147)*(-45)/2?
5
Let h(f) = f**3 - 6*f**2 - 7*f. Let m be h(7). Suppose 0 = -m*z - 2*z + 112. Suppose -z = -2*n + 20. What is the tens digit of n?
3
What is the tens digit of (-8754)/(-4) - (270/(-4))/(-27)?
8
Let v = -23 - -25. Let j be (0 - v) + -1 + 187. Suppose 4*t + t - 230 = -5*s, -5*t + j = 4*s. What is the units digit of s?
6
Let h be (-90)/20*(-28)/6. What is the units digit of (-22 + h)/((-1)/50)?
0
Suppose -3*c + 5460 = -93. What is the hundreds digit of c?
8
Suppose 2*w = -w + 294. Suppose -57 = -3*g + 4*p, 5*g - g - w = -2*p. What is the tens digit of g?
2
Let u(g) = 6*g + 32. Let q be u(-5). Suppose -q*h + 16 = -182. What is the tens digit of h?
9
Let a = 116 - 76. Suppose 3*n + 29 + a = 2*u, -4*u = -n - 123. What is the units digit of u?
0
Let q = -1 + 4. Suppose 4*d - 108 = -j, -2*j + 615 = q*j + 5*d. What is the hundreds digit of j?
1
Suppose 26*d - 8710 = 16*d. What is the units digit of d?
1
Let r be ((-16)/8)/(((-2)/504)/1). Suppose -r = -5*q - 59. What is the tens digit of q?
8
Let q(m) = m**2 - 2*m - 3. Let u be q(4). Suppose 139 - 424 = -u*k - 5*d, -5*d = 2*k - 117. What is the units digit of k?
6
Let x(d) = -d**2 - 116*d + 102. What is the units digit of x(-68)?
6
Let n = -26 + 28. What is the hundreds digit of ((-22)/66)/(n/(-948))?
1
Let d(n) = n**2 - n. Let z be d(2). Suppose -4*x + 264 = -z*x. Suppose o = -5*o + x. What is the units digit of o?
2
Suppose -5*u + 2*u - 2*b = -834, 3*u - 4*b = 816. What is the units digit of u?
6
Suppose -3*x = 5*i + 25, -6*i + 10 = -i - 4*x. Let o be (-3)/3*2*i. Suppose 0 = o*f - 2*u - 243 + 41, 0 = -3*f - 5*u + 171. What is the tens digit of f?
5
Let z be 1 - (-1 - -1) - (9 + -1). What is the units digit of 2/z + (-198)/(-7)?
8
Let c be 1 + (-4 - -9 - 1). Suppose -i + 15 = -c*a, 5*i + a + 6 = -a. Suppose 10*k - 9*k - 1 = i. What is the units digit of k?
1
Let r(d) = d**3 - 2*d**2 - 9. Let n be r(0). Let t be (3 - 1)/(6/n). What is the tens digit of 69 + t + 2/1?
6
Let i(l) = 4*l**2 - l + 1. Let q(g) = -g**2 + g. Let x be q(-1). Let s be i(x). Let p = 13 + s. What is the tens digit of p?
3
Let g(b) = -2*b - b**2 + 2 + b**2 + b - b**2. Let p be g(-2). Suppose -36 = -3*c - p*c. What is the units digit of c?
2
Suppose 3*z = 5*z - 2*n - 20, 5*z + n - 20 = 0. Suppose q = z*o - 942, -o - 20 = -q - 206. What is the tens digit of o